Calculate the greatest common factor of 350500 and 2500.
500
What is the highest common factor of 136320 and 135?
15
Calculate the highest common factor of 2780 and 340.
20
What is the greatest common factor of 96 and 828?
12
Calculate the highest common factor of 168 and 40068.
84
Calculate the highest common factor of 72891 and 5733.
819
Calculate the greatest common factor of 920 and 23115.
115
Calculate the greatest common factor of 32591 and 598.
299
Calculate the highest common divisor of 848 and 72451.
53
What is the greatest common factor of 123 and 51489?
3
Calculate the greatest common divisor of 425 and 700.
25
What is the greatest common divisor of 2079 and 893277?
693
Calculate the greatest common factor of 121 and 3715063.
121
Calculate the highest common divisor of 2248034 and 478.
478
What is the highest common factor of 69136 and 1392?
464
What is the greatest common factor of 16705 and 7124?
13
Calculate the highest common factor of 30289 and 7.
7
Calculate the greatest common divisor of 1701180 and 78.
78
What is the highest common factor of 390 and 86030?
10
Calculate the highest common factor of 335 and 498815.
335
What is the greatest common divisor of 14601 and 2355?
471
What is the highest common divisor of 125939 and 99?
11
Calculate the highest common divisor of 21 and 14028.
21
What is the greatest common divisor of 23 and 144440?
23
Calculate the highest common factor of 207328 and 152.
152
Calculate the greatest common factor of 16317425 and 1849.
1849
What is the greatest common divisor of 52 and 656019?
13
Calculate the greatest common factor of 1965 and 160.
5
Calculate the greatest common divisor of 51544 and 34.
34
What is the highest common factor of 792 and 260424?
72
What is the greatest common divisor of 770391 and 567?
81
Calculate the highest common divisor of 14 and 83342.
14
Calculate the greatest common divisor of 220 and 576120.
20
Calculate the greatest common divisor of 226080 and 1080.
360
What is the highest common factor of 767325 and 2925?
975
What is the highest common factor of 1164 and 134733?
291
Calculate the highest common factor of 74061 and 351.
351
Calculate the highest common divisor of 30709 and 15211.
287
Calculate the highest common factor of 2482 and 4862.
34
Calculate the highest common factor of 562940 and 260.
20
Calculate the highest common divisor of 2016 and 886368.
672
What is the highest common divisor of 42957 and 189?
27
Calculate the greatest common divisor of 42036 and 21948.
372
What is the highest common divisor of 1628 and 740444?
148
What is the highest common factor of 57 and 235239?
57
What is the greatest common factor of 211533 and 21?
21
Calculate the highest common factor of 6625 and 475.
25
Calculate the greatest common factor of 5624 and 2146.
74
What is the greatest common factor of 908674 and 91?
13
Calculate the greatest common divisor of 908 and 1710218.
454
Calculate the highest common factor of 67116 and 644.
28
What is the greatest common divisor of 6867 and 3339?
63
What is the greatest common factor of 75080 and 2840?
40
What is the greatest common divisor of 204 and 2607222?
102
What is the highest common factor of 1344 and 5964?
84
Calculate the highest common divisor of 420 and 26376.
84
What is the greatest common factor of 77 and 273?
7
What is the greatest common factor of 211528 and 137?
137
Calculate the highest common divisor of 398 and 140494.
398
Calculate the greatest common divisor of 1467 and 39681.
9
What is the greatest common factor of 170 and 23834?
34
What is the highest common factor of 54 and 9531?
27
Calculate the greatest common divisor of 498 and 82917.
249
Calculate the highest common divisor of 74 and 783956.
74
Calculate the highest common divisor of 2 and 6264.
2
What is the greatest common factor of 330136 and 232?
232
Calculate the highest common divisor of 942172 and 1288.
644
What is the highest common factor of 263424 and 5504?
128
Calculate the highest common factor of 432 and 1868976.
144
What is the highest common divisor of 94996 and 884?
68
Calculate the highest common divisor of 20 and 2966620.
20
What is the highest common factor of 282186 and 11529?
549
What is the highest common factor of 153 and 13107?
51
Calculate the highest common factor of 2770725 and 60.
15
What is the greatest common factor of 547 and 8?
1
Calculate the highest common factor of 8959 and 382058.
289
Calculate the highest common divisor of 1722 and 102984.
42
What is the greatest common factor of 394848 and 384?
96
What is the greatest common divisor of 3410 and 23126?
62
What is the highest common factor of 7250544 and 1008?
1008
Calculate the highest common divisor of 970 and 830.
10
Calculate the greatest common factor of 120 and 326512.
8
What is the highest common factor of 13090 and 6358?
374
Calculate the greatest common factor of 789 and 4255866.
789
What is the greatest common factor of 261122 and 548?
274
Calculate the highest common divisor of 1173871 and 82.
41
Calculate the greatest common divisor of 3367 and 455.
91
What is the highest common factor of 45 and 410415?
15
What is the highest common factor of 16 and 274576?
16
Calculate the highest common divisor of 1029 and 139062.
147
Calculate the greatest common factor of 1863 and 44874.
81
Calculate the greatest common factor of 83982 and 414.
6
What is the highest common factor of 5000 and 1160?
40
Calculate the highest common factor of 276 and 79764.
276
What is the greatest common divisor of 1410 and 30930?
30
Calculate the highest common factor of 1118 and 390182.
1118
Calculate the greatest common divisor of 3088 and 71248.
16
What is the greatest common divisor of 31 and 55831?
31
What is the greatest common factor of 4734 and 1494?
18
Calculate the highest common divisor of 391 and 25891.
17
What is the greatest common factor of 2933 and 419?
419
What is the greatest common factor of 304 and 2096?
16
Calculate the highest common divisor of 2956400 and 38.
38
What is the greatest common divisor of 6384 and 1946?
14
Calculate the highest common factor of 13 and 4675333.
13
Calculate the highest common divisor of 20212 and 248.
124
Calculate the greatest common divisor of 10 and 391360.
10
What is the greatest common factor of 1121956 and 946?
946
What is the highest common factor of 347823 and 231?
21
What is the highest common divisor of 3553429 and 902?
451
What is the greatest common divisor of 58518 and 162?
18
Calculate the highest common factor of 1717 and 3604.
17
Calculate the greatest common divisor of 1871970 and 69.
69
Calculate the highest common factor of 360 and 10470.
30
What is the highest common factor of 135 and 1270863?
27
What is the highest common factor of 7350 and 11172?
294
Calculate the highest common factor of 6045 and 49755.
465
Calculate the highest common divisor of 3350 and 290.
10
What is the greatest common divisor of 1061979 and 69?
69
Calculate the highest common divisor of 2709 and 944667.
387
What is the highest common divisor of 451525 and 125?
25
What is the greatest common factor of 34529 and 19393?
473
Calculate the highest common divisor of 19325 and 47153.
773
Calculate the highest common divisor of 190269 and 261.
261
Calculate the greatest common factor of 1638784 and 672.
224
What is the highest common divisor of 120045 and 23320?
265
What is the greatest common divisor of 33794 and 19667?
277
What is the highest common divisor of 69195 and 240?
15
What is the highest common factor of 292 and 7452?
4
Calculate the highest common factor of 40 and 23065.
5
What is the highest common factor of 151741 and 943?
41
What is the highest common factor of 124927 and 35179?
277
What is the highest common factor of 32 and 284?
4
Calculate the greatest common factor of 3383 and 119599.
199
What is the greatest common divisor of 384 and 114688?
128
Calculate the greatest common divisor of 32 and 104528.
16
Calculate the highest common factor of 403 and 19279.
13
What is the greatest common divisor of 244830 and 150?
30
What is the highest common divisor of 272 and 1242?
2
What is the highest common factor of 343371 and 996?
249
What is the highest common divisor of 61712 and 133?
133
What is the greatest common divisor of 62381 a